 units digit of t?
0
Let j(z) = z**2 - 15*z + 26. Let m be j(14). Let q = -10 + m. Suppose 88 = q*o + 2*o. What is the units digit of o?
2
Suppose 23*y + 10*y - 37521 = 0. What is the units digit of y?
7
Suppose -n = -z - 3, -2*n + 5*n - z = 9. Let v be (-1 - n)*1/(-2). Suppose 3*p - t - 3 = 9, p = -v*t + 4. What is the units digit of p?
4
Suppose 2*v = -5*q + 2966, -6*q - 2986 = -2*v - q. What is the hundreds digit of v?
4
What is the units digit of (-3)/(-3) + 11/(11/654)?
5
Suppose -u = 2*d - 23, 0 = 3*d + 3*u - 12 - 18. Let q(z) = -2*z + 31. Let n be q(d). Suppose -h + 22 - n = 0. What is the units digit of h?
7
Suppose 5353 = -9*y + 13264. What is the units digit of y?
9
Suppose 2*w = -5*c - 0*w + 1042, -3*c - 4*w = -628. What is the tens digit of c?
0
Let i be (8/(-3 + -1))/(-1) + 12. What is the hundreds digit of 1728/i - 9/21?
1
Let r = 4 + 0. Let n(y) be the first derivative of y**3/3 + y**2/2 + y - 108. What is the tens digit of n(r)?
2
Suppose g = -4*h + 1568, -5*g + 12 + 8 = 0. What is the tens digit of h?
9
Let g(p) = p**3 - 3*p**2 + p - 5. Let z(n) = 2*n - 2 + 6 - 2*n + n. Let m be z(0). What is the units digit of g(m)?
5
Suppose 0*a = 5*y - 4*a - 20, 2*a + 10 = 5*y. Suppose -t + 2 + 0 = y. Suppose 5*r + 137 = t*q, -3*q + 253 = 6*r - 4*r. What is the units digit of q?
1
Suppose -3*x + 2*g = -227 - 533, x - 258 = 3*g. What is the tens digit of x?
5
What is the tens digit of 46837*16/392 - (-2)/7?
1
Let j be -1*(7 - -1)*(-1)/2. Suppose -5*g - 3*d + 110 = -142, 5*g - j*d = 224. What is the units digit of g?
8
Suppose 0 = -z + 3*x - 7, -5*x + 0*x + 15 = 0. Suppose 476 = 2*n + z*n. What is the hundreds digit of n?
1
What is the tens digit of 4703 - ((-12)/7 + (-24)/84)?
0
Let q = -872 - -1739. What is the units digit of q?
7
Suppose -2 = 2*m - 412. Suppose 0 = -8*w + 2243 + m. What is the units digit of w?
6
Let w(f) be the second derivative of -f**5/20 - f**4/3 + f**2/2 - 2*f. Let j be w(-4). Suppose 3*b + 0*g - 55 = g, 0 = g + j. What is the tens digit of b?
1
Let b(r) = -11*r**2 + 9*r - 12. Let o be b(6). Let u = o + -46. What is the tens digit of (-12)/54 + u/(-18)?
2
Let k = 367 - 169. What is the units digit of k?
8
Suppose 7*k + 1 = -a + 2*k, 3*a = 3*k - 3. Let y(z) be the first derivative of 26*z**3/3 - z - 3. What is the units digit of y(a)?
5
Suppose 0 = 2*y - 3*y + 17. Suppose -8 = -2*b - 2*m, 2*m = 5*b - 0*m + 1. Let h = b + y. What is the tens digit of h?
1
Let s(g) = g**3 + 4*g**2 - 5*g - 4. Let y be s(-4). Let w = 15 - y. What is the units digit of 1*(0 - (-2 - w))?
1
Let r be 1*0*(-1)/2. Let b(z) = z**3 + 4. Let f be b(r). Suppose 4*d = 2*d - 5*q - 3, 4*q = -f*d. What is the units digit of d?
1
Let c = -1622 + 2474. What is the units digit of c?
2
Let l(s) = s - 4. Let x be l(8). Suppose -x*y = -a - 538, 3*y + 4*a - 44 = 369. What is the units digit of y?
5
Let k be 1*2 + (-25)/(-25). What is the units digit of 4 + 3 + 6 + k?
6
Let s = -121 + 246. What is the tens digit of s?
2
Let m = -40 + 181. What is the tens digit of m?
4
Suppose -5*i - 15 = -2*i, -3*u - i + 334 = 0. Let n = 210 - u. What is the units digit of n?
7
Let c(y) = 3*y**3 - y**2 + 2*y - 3. Let z be c(3). Suppose 4*t = -8*f + 24, -2*t + 11*f + 6 = 13*f. Suppose g - 4*g + z = t. What is the units digit of g?
5
Let b(d) = d**2 - 17*d + 2. Let c be b(17). Suppose 5*k = -3*y + 594, -2*y = -k + c*k - 116. What is the tens digit of k?
2
Suppose -16*g = 8*g - 46728. What is the units digit of g?
7
Let s(w) = 2*w**2 + 5*w - 4. Let i be s(-6). Let p = i - 23. What is the units digit of p?
5
Let s = -2708 - -8634. What is the tens digit of s?
2
Let k = 1046 - 478. What is the hundreds digit of k?
5
Let u(z) = 988*z**2 + 7*z. What is the hundreds digit of u(1)?
9
Let d(h) = -118 + 13*h + 231 + 20*h - 120. What is the hundreds digit of d(6)?
1
Let n(j) = 8 - 1096*j**3 + 1078*j**3 - 6 + 2*j. Suppose -6*r - 5 = -r. What is the tens digit of n(r)?
1
Suppose 0 = 2*p - 10*p + 88. Suppose 5*q - h + p = -5*h, -2*h = 2*q + 6. What is the units digit of q?
1
Suppose 5*r + 108 = 8*r. What is the tens digit of (-1016)/(-14) + (r/(-14) - -2)?
7
Suppose 3*y = 27 + 24. Let s = -13 + y. What is the tens digit of 3 + ((-4)/s - -10)?
1
Let h be 6/(-1)*(8 + -9). Suppose 7*c = h*c. What is the tens digit of (c - 0) + (-124)/(-4)?
3
Suppose 5*h = t + 12810, -50*h + 49*h - 4*t = -2541. What is the tens digit of h?
6
Let t(g) = g + 4. Let w be t(-8). Let h be w + (4 - -15)/(-1). Let c = 62 + h. What is the units digit of c?
9
Suppose 2*s = -s + 12. Suppose 5*v + 0*v - 3*z = 111, 0 = -s*z - 8. What is the tens digit of v?
2
Let s = -1084 + 1954. What is the tens digit of s?
7
Suppose 2*c - 46 = d, 3*c + 2*c + 3*d = 137. Let h(g) = 9*g - 11. What is the units digit of h(c)?
4
Let s = -6 - -154. Suppose 0 = 5*a - s - 102. What is the tens digit of a?
5
Let x be (-2400)/112*(-29 - -1). Suppose 4*m - 2*m - x = 0. What is the tens digit of (4/6)/(8/m)?
2
Suppose -u + 32 = 24. Suppose 2*m + 2*c - u = 0, m - 4 = -2*c + 4*c. What is the units digit of m?
4
Let f(l) = 2*l + 12. Let t be f(-5). Suppose -y - 136 = -t*p, 5*p - 4*p - 5*y - 77 = 0. What is the tens digit of p?
6
Suppose -2*r = -4*j - 0 + 2, -2*r - 17 = j. What is the tens digit of ((-972)/42)/(1/r)?
6
Let t(k) = -355*k**3 - k**2 - 1. What is the hundreds digit of t(-1)?
3
Let t(r) = 490*r**3 - 2*r**2 - 3*r + 6. What is the thousands digit of t(2)?
3
Suppose 2*h + 6 = 2*w, 4*w + 3*h = 50 - 17. Suppose -255 = t - w*t. What is the units digit of t?
1
Let o be (-1)/3 + (0 - (-2130)/(-9)). Let y = -46 - o. What is the hundreds digit of y?
1
Suppose 5*h = -3*i + 4, 0*i - 5*i - 4 = 3*h. What is the tens digit of (-3 - (-2)/h)*-51?
0
Suppose 27 = 5*o - 53. Let s be o/6*(-11 + 8). Let d = 4 - s. What is the tens digit of d?
1
Suppose -62 - 198 = -13*q. What is the units digit of 7*11 + (15 - q)?
2
Let v(z) be the first derivative of 7*z**5/120 - 3*z**4/8 - 10*z**3/3 + 14. Let u(s) be the third derivative of v(s). What is the units digit of u(6)?
3
Let o be 4 - (1 - (-16)/4). Let z(c) = -19*c**3 - c**2 + c. What is the units digit of z(o)?
7
What is the units digit of (128 - -2) + -1 - (34 - 38)?
3
Suppose -8*y = -3 - 29. What is the units digit of y + (-90)/21 - 400/(-28)?
4
Let a(l) = 71*l - 115. What is the hundreds digit of a(26)?
7
Let o(q) = -7*q**3 - 6*q**2 - 17. What is the thousands digit of o(-6)?
1
What is the units digit of (3 - (-5 + 4))/4?
1
Let m = -1229 + 2235. What is the thousands digit of m?
1
Suppose -5*c - 15 = 4*v + 5, -5*v = -c - 4. Suppose v = 3*d - 7*d - 20. What is the tens digit of (-20)/(-2)*(-28)/d?
5
Let b be (-2)/4 + 201/6. Let u be (-14)/1*4/(-8). Suppose j = b - u. What is the units digit of j?
6
Let z = -1211 - -1279. What is the tens digit of z?
6
Suppose -19*n + 3352 = -11*n. What is the hundreds digit of n?
4
Let g be (-2)/(1 - (-38)/(-34)). Suppose w - g = -3*s + 3, -4*w = 2*s. What is the units digit of s + (-3)/9*-3?
9
Suppose 3*d = d - 4. What is the tens digit of (0 - (-1)/d)/((-12)/3048)?
2
Suppose 0 = -5*r - 2*y + 1092, -r = -2*r - 5*y + 223. What is the tens digit of r?
1
Suppose -p + 1197 = 6*p. Suppose -p = -3*m - 5*o, 114 = 5*m - 3*m + 4*o. What is the tens digit of m?
5
Suppose -5889 = -3*q + d, -2*d = 5*q - 2024 - 7791. What is the hundreds digit of q?
9
Suppose 0*u + 2*u + 24 = -4*t, -5*t - 33 = 4*u. Let k(i) = -i**2 + 10*i + 4. Let y be k(6). Let w = y + u. What is the units digit of w?
6
Let j be 6867/36 - 1/(-4). Suppose o = -d + 44, 4*d + o - j = -0*o. What is the tens digit of d?
4
Suppose 3*d + 10 = 1. Suppose 4 = -0*u + 2*u, 2*v = 5*u + 2. What is the tens digit of 1/(d/v) + 28?
2
Suppose 3*q - 9 + 0 = 0. Let o be (3 - 0 - 12) + q. Let p = o - -20. What is the tens digit of p?
1
Let t be (-18)/(-5) - 9/15. Let q(z) = -t*z - 1 + 1 + z + z**2. What is the units digit of q(5)?
5
Suppose t - 782 - 218 = 0. What is the tens digit of t?
0
Let d = 16 - -2. Let v(t) = t**3 - t - 4. Let i be v(-2). Let r = i + d. What is the units digit of r?
8
What is the tens digit of (-3)/5 - 474936/(-385)?
3
Let w = -52 - -115. Let s = 68 - w. What is the units digit of s?
5
Let o = -179 - -280. Let u = -6 - 54. Let g = o + u. What is the tens digit of g?
4
Let k = 483 + -304. Suppose 2*a + 0*h = h + 119,